 z = 3 - k. What are the prime factors of z?
2
Let j(a) = 8*a + 10. Suppose 5*d + 2*i = 57, -7 - 37 = -4*d - 2*i. What are the prime factors of j(d)?
2, 3, 19
Suppose 5*h + 4*n = 2403, -3*h + 4*n = -n - 1464. List the prime factors of h.
3, 7, 23
Let m(c) = -c**3 + 9*c**2 + 9*c + 8. Let o be m(10). Let j(z) = z**2 - 11*z - 13. Let h be j(12). List the prime factors of (-15 - o/(-2))/h.
2
Suppose 48*j = -31*j + 292142. List the prime factors of j.
2, 43
Let k(o) be the first derivative of -o**3/3 + 13*o**2/2 - 15*o - 1. Let h be k(11). Let g(w) = w**2 - 4*w - 1. What are the prime factors of g(h)?
2, 5
Suppose -a - 74 + 39 = 0. Let n = 54 + a. What are the prime factors of n?
19
Suppose x = 5*p - 6302, 29*p - 5*x = 27*p + 2507. What are the prime factors of p?
13, 97
Suppose 4*s - 640 - 2254 = 2*o, 0 = -3*s - 4*o + 2154. What are the prime factors of s?
2, 19
Let n = 313 + 513. What are the prime factors of n?
2, 7, 59
Let c(k) = -145*k + 34. List the prime factors of c(-5).
3, 11, 23
Let x = 137 - 0. List the prime factors of x.
137
Let n be (5*(-24)/(-30))/(2/100). Let f = n + -132. What are the prime factors of f?
2, 17
Let k be (-1 + -4)*28/(-5). Suppose -6 = -5*v + 2*v. Suppose -k = -4*o + v*o - 4*w, o + 3*w - 18 = 0. List the prime factors of o.
2, 3
Suppose f = 11 + 196. List the prime factors of f.
3, 23
Suppose -3*s + 5 = -1. Suppose -s*d - 140 = -4*d - n, 5*n + 20 = 0. What are the prime factors of d?
2, 3
Suppose a - 3*p - 3348 = 449, -15215 = -4*a + 3*p. What are the prime factors of a?
2, 11, 173
Suppose 0 = 2*v - 10 + 4. Suppose -4*z - v*i = -624, -5*z + i + 780 = -4*i. List the prime factors of z.
2, 3, 13
Suppose -24*f - 6426 + 27306 = 0. What are the prime factors of f?
2, 3, 5, 29
List the prime factors of 1/(2/(-16)) + 1304.
2, 3
Let q(v) = -v**3 + 6*v**2 + 8*v - 2. Let i be q(7). Let x = -7 + i. Let c(n) = -n**3 - 2*n**2 - 4*n - 3. What are the prime factors of c(x)?
5
Let n be (4/(-3))/(-2*4/528). Let l = n + 67. What are the prime factors of l?
5, 31
Let b be 315/14 - (-3)/2. Suppose -6 = -t + b. What are the prime factors of t?
2, 3, 5
Let k be 4/(-1) + 1 + 3. Suppose 2*z - 10 + 2 = k. Suppose -2*x + 5*x = 3*v + 51, 5*x + z*v = 67. What are the prime factors of x?
3, 5
Let r = 61 - 98. Let b be ((-22)/3)/(1/(-9)). Let z = r + b. What are the prime factors of z?
29
Let g = 6469 + -4493. List the prime factors of g.
2, 13, 19
Let o be (-48)/(-40)*5/3. Suppose -3*w - 111 = -o*p - 0*w, -2*p = 5*w - 103. List the prime factors of p.
2, 3
Let x(v) be the second derivative of 4*v + 0 - 13/6*v**3 + 1/12*v**4 + 3/2*v**2. List the prime factors of x(14).
17
Let z = 618 + 18. What are the prime factors of z?
2, 3, 53
Let z(b) = -15*b**3 + 2*b + 1. Suppose 0 = 2*x + 3*w - 19, 5*x = 4*w - 3*w + 22. Let n = x - 6. List the prime factors of z(n).
2, 7
Let r be 1476/(-16) + 12/(-16). Let f = 132 + r. List the prime factors of f.
3, 13
Let m(k) = k**3 + 12*k**2 - 16*k - 18. Let i be m(-13). Let u = i - -55. What are the prime factors of u?
2, 19
Let q(x) = x**2 + 6*x - 1. Let r be q(-6). Let d = r + 5. Suppose y - 5*p = d + 14, -4*y + 2*p + 90 = 0. List the prime factors of y.
23
Let c be 0/(1/2*-2). Suppose 0 = -3*t - 5*r + 12, c = 4*t - 4*r - 6 - 10. What are the prime factors of t?
2
Let c(g) = 1409 - g + 28*g**3 - 1409. Suppose p = 6*p - 5. What are the prime factors of c(p)?
3
Suppose 4*l - g + 25 = 0, -l + 0*l - 9 = -3*g. Let x(o) = -o**2 - 20*o - 1. What are the prime factors of x(l)?
83
Suppose 81*i - 175056 = -3*i. What are the prime factors of i?
2, 521
Suppose -2*h - 1 - 43 = 0. Suppose 5 + 70 = -5*l. What are the prime factors of (h + l/5)*-2?
2, 5
Let y be (2/((-2)/(-3)))/1. Let v = y - 10. Let s(g) = g**3 + 6*g**2 - 8*g + 9. List the prime factors of s(v).
2
Let x = 13 + 1. Let a = 12 - x. What are the prime factors of 164/8 - (-3)/a?
19
Let a(b) be the second derivative of 109*b**4/12 + b**3/6 - b**2/2 + 11*b + 1. What are the prime factors of a(-1)?
107
Let b be (3/(-2))/(3/(-6)). List the prime factors of 58/b*(-3)/(-2).
29
Let l(z) = -z - 8. Let v be l(6). Let h = -9 - v. Suppose 0*b + h*b = 170. List the prime factors of b.
2, 17
Suppose -2*v + 255 + 415 = 0. List the prime factors of v.
5, 67
Let m be ((27/1)/3)/3. Suppose -4*y + 13 = -u, u - y + 2*y - 7 = 0. Suppose u = m*c - 195. What are the prime factors of c?
2, 3, 11
Suppose 0 = -10*n + 19919 - 2059. List the prime factors of n.
2, 19, 47
Let o = -24 - -28. Suppose 3*w - 83 = -s, -o*s + w + 257 = -2*w. What are the prime factors of s?
2, 17
Let z be (-82)/(-7) + (-2)/(-7). Suppose 5*v - 6 = 3*j, -3*j = -7*j + z. Suppose o - 4*s = 1, -3*o + 0*o - v*s + 48 = 0. List the prime factors of o.
13
Let k(f) = f**2 - f - 1. Let a(i) = -8*i**2 + 6*i + 7. Let c(b) = -a(b) - 5*k(b). List the prime factors of c(5).
2, 17
Let i(j) = 21*j**2 - 2*j - 2. Let k be i(-2). Let c = 144 - k. Let q = -14 + c. What are the prime factors of q?
2, 11
Suppose 0 = -5*h - a + 3065, -3*h + 0*h - a + 1837 = 0. What are the prime factors of h?
2, 307
Let o be ((-5)/(-4))/(-2 + 226/112). Suppose -56*j + 61*j - o = 0. What are the prime factors of j?
2, 7
Suppose 0 = -2*o - 0*o + 4*z + 2500, -1232 = -o - 4*z. What are the prime factors of o?
2, 311
Suppose u + l = -u, 0 = 4*u - 4*l. Let o(y) = 2*y + 79. List the prime factors of o(u).
79
Suppose m + 2*v = 3*v + 7, 3*m = -4*v. Suppose 4*r + m*x = 64, 49 = 4*r - 2*x - 3. Suppose -u + 6 = -f, 2*f = 3*u - r - 8. List the prime factors of u.
2, 5
Suppose -6623 - 34177 = -20*t. What are the prime factors of t?
2, 3, 5, 17
Let q = 84 - 80. Suppose q*v = -3*k + 677, 3*k - 218 = -3*v + 286. What are the prime factors of v?
173
Suppose 2*b - 3*b = -366. Suppose -3*p - b = -9*p. List the prime factors of p.
61
Suppose -665*a - 8430 = -675*a. What are the prime factors of a?
3, 281
Suppose 10 = 5*c - 5*i, 5*c + 10 = -2*i - 3*i. Suppose c = -4*z + 2*z. Suppose -37 = -6*a + 3*a + 4*g, z = -2*a - 4*g - 2. What are the prime factors of a?
7
Let m = -41 - -44. Suppose m*i - 166 - 50 = 0. List the prime factors of i.
2, 3
Suppose -6*l + 5912 = -982. What are the prime factors of l?
3, 383
What are the prime factors of -1 + (282/9)/((-2)/(-9))?
2, 5, 7
Suppose 0 = u - 4*u + 924. Suppose 2*h + 0*r - u = 5*r, h - 2*r - 154 = 0. Suppose 0*i - h = -2*s + 3*i, -212 = -3*s - 5*i. What are the prime factors of s?
2, 37
List the prime factors of (132/165)/(-1 - (-183)/180).
2, 3
Suppose -3*c + 8 = -28. Suppose -y - 4*t - 2 = 1, -2*y = -t - c. Suppose -2*o + y = -1. What are the prime factors of o?
3
List the prime factors of 24/(-32) + (-1001)/(-28).
5, 7
Suppose -5*m = 2*i - 219, -474 = -4*i + m + m. Let d = i - 190. Let k = d - -108. List the prime factors of k.
5, 7
Suppose -123*h - 2541 = -126*h. List the prime factors of h.
7, 11
Let g be (-12)/(-72) - (-71)/6. Let b(r) = r**2 - 8*r - 5. List the prime factors of b(g).
43
Let s(u) = u + 13. Suppose 0 = 3*h - 6*h - 21. Let l be s(h). Suppose -4*r + l*r = 72. List the prime factors of r.
2, 3
Let d = -132 + 129. Let n = d - -108. List the prime factors of n.
3, 5, 7
Let q = 458 - 295. List the prime factors of q.
163
Suppose 4*d - 111 - 5 = -4*i, d = 4*i - 126. Suppose -145 = -k - 3*a - i, 0 = 2*a + 8. List the prime factors of k.
2, 3, 7
Suppose -5*a + 8655 = -5*d, 3*a + 2*a + 4*d = 8619. List the prime factors of a.
11, 157
Let f = 991 + -697. What are the prime factors of f?
2, 3, 7
Let o(i) = i**2 - 11*i + 10. Let w be o(10). Suppose -4*u + 46 = -2*u - 2*a, w = -4*u + 5*a + 92. What are the prime factors of u?
23
List the prime factors of 1082*(2/(-8) + 75/60).
2, 541
Suppose 2*p - 5*p = -171. Suppose -67 = -4*h + p. List the prime factors of h.
31
Let i(x) = -4*x - 28. Let p be i(-6). Let q(h) = -2 + 4*h**2 - 1 + 6*h + 2*h**2. What are the prime factors of q(p)?
3, 23
Let a = -3 + 533. List the prime factors of a.
2, 5, 53
Suppose 0 = 2*h - 5 - 3. What are the prime factors of 4/(h - (-51)/(-13))?
2, 13
Let p = 32 - 32. Suppose -8*a + p*a + 64 = 0. What are the prime factors of a?
2
Suppose 0 = 3*o + 4*g + 8, -8 = -3*o - g - 1. Suppose -2*i + n = -4*n - 4, -4*i + o*n = -8. Suppose -y - i*y + 75 = 0. List the prime factors of y.
5
Suppose 1120 = 4*p + 352. What are the prime factors of p?
2, 3
Suppose 88*r = 22